l(y) = 10*y**2 + y - 1. Let m be l(1). Suppose -2*p - m = -6. What is the tens digit of p/5 + (-82)/(-5)?
1
Let m(u) = -u - 4. Let v be m(-9). Suppose -w = -v*w. Suppose w*a - 42 = -3*a. What is the units digit of a?
4
Let p(y) = -25*y - 11. Let k be p(6). Let v = k + 255. Suppose -2*g - 2*z = -v, -5*g - z = z - 241. What is the units digit of g?
9
Let p be (-2)/8 - 0 - 685/(-4). What is the tens digit of -2*(3 + p/(-6))?
5
Suppose 10*l - 7299 = -1499. Suppose 23*n + l = 28*n. What is the tens digit of n?
1
Suppose 5*o = 4*z - 217, -98 = 3*o + 4*z + 45. Let h = o + 130. What is the units digit of h?
5
Suppose -784 = -2*h - 2*j, h + 3*j - 93 - 293 = 0. What is the tens digit of h?
9
Suppose -4*o + 118 = -298. Suppose o = 8*g - 6*g. What is the units digit of g?
2
Let c(p) = -p**3 - 8*p**2 - 3*p + 8. Suppose -5*q + 39 = -2*i, i = -0*q - 2*q + 21. Suppose -q*j = -4*j + 40. What is the units digit of c(j)?
2
Let g(w) = w**2 + 6*w - 22. Let m = 19 - -17. Suppose 3*t + m = -t. What is the units digit of g(t)?
5
Suppose -3*v + 264 + 1611 = -4*a, -3*a = 9. What is the tens digit of v?
2
Suppose -5*z - 2*j - 18 = 5, 22 = -2*z - 4*j. Let c(s) = -s**2 - 10*s + 27. Let p be c(-12). What is the units digit of (0 - z)/(p/4)?
4
Suppose 44 - 8 = 4*m. Let k = -292 + 295. Suppose -10*x = -m*x - k. What is the units digit of x?
3
Suppose 0 = -3*c + i + 32 + 8, 4*i = c - 6. Suppose 4*m - 5*r = -13, 4 = m + 3*r - c. What is the units digit of m?
3
Let a be (45/(-18))/(2/(-4)). Suppose j + 48 = a*j. Let p = 27 + j. What is the units digit of p?
9
Let m = -4213 + 6583. What is the units digit of m?
0
Suppose 0 = -v + 3*v + v. Suppose v = l + l - 160. What is the tens digit of l?
8
Let l be (-18024)/(-39) - (-8)/(-52). Suppose 5*f = -2*f + l. What is the tens digit of f?
6
Let o(d) = 5*d - 7. Let f = 9 + -6. Let u be (-2)/((-6)/f) + 5. What is the tens digit of o(u)?
2
Let g(v) = 8*v - 5 + 0 + 2*v + v**2. Let b(f) = f**3 + f**2 + 6*f - 12. Let t be b(0). What is the tens digit of g(t)?
1
Let a(x) = -4*x + 104. What is the units digit of a(0)?
4
Let t be -1 - 21/(-9) - (-56)/12. Let g(w) = 10*w**2 + w**3 - 5 - 2*w - 2*w**3 - 3*w**2. What is the units digit of g(t)?
9
Let d(w) = 67*w**2 + 15. What is the units digit of d(4)?
7
Let z be (8 - 5) + (-8)/(-2). Let b(u) = -u**2 + 15*u - 10. Let p be b(z). Suppose y - p = -0*y. What is the units digit of y?
6
Suppose 5*p - 4*z = 1512, 0*z + 1191 = 4*p + 3*z. Suppose -p = -4*l - 4*x, -3*l - x - x = -220. What is the units digit of l?
0
What is the units digit of 4/(-36) - -30673*(-2)/(-18)?
8
Suppose 0 = 2*u - 34 - 20. Let i = 98 - u. What is the units digit of i?
1
Let w = 23 + -23. Suppose w = -0*s - 5*s. Suppose -192 = -4*n - s*n. What is the units digit of n?
8
Let n(y) = 18*y**2 + 2*y - 2. Let a be n(2). Suppose 4*k - 276 = -4*g, -g = -k - a + 11. What is the units digit of g?
6
Let a be 18/(-6) - (-69 + 0). What is the tens digit of 3/((-18)/(-472)) + a/(-99)?
7
Let d(m) be the third derivative of -m**4/8 - m**3/3 + 15*m**2. What is the tens digit of d(-4)?
1
Suppose 6 = -z - 0. Let m(t) = 1. Let n(q) = -3*q - 13. Let s(u) = 2*m(u) + n(u). What is the units digit of s(z)?
7
Let h(a) = -2*a - 1. Let x be h(2). Let k = -4 - x. Suppose 0*c - k = -c. What is the units digit of c?
1
Suppose 3*m + 2*w = 10 + 18, m - 15 = 5*w. What is the units digit of m?
0
Suppose 0 = -5*k - j - 1 + 6, 4*k = 4*j - 20. Suppose k*n = 3*n. Suppose n = -3*v + 22 + 23. What is the tens digit of v?
1
Suppose -4*a - 8 = 0, 5*p - 493 = 2*a + 2*a. Let u = -21 + p. What is the tens digit of u?
7
Let y(x) = x**3 + 2*x + 19. Let q be y(0). Suppose q + 68 = 3*v. What is the tens digit of v?
2
Let l(f) = -5*f**3 + 14*f**2 - 10*f - 10. Let o(x) = 4*x**3 - 13*x**2 + 9*x + 9. Let q(n) = 3*l(n) + 4*o(n). What is the tens digit of q(10)?
6
Let y(r) = -r**2 - 10*r - 3. Let n(c) = -4*c**2 - 5*c - 1. Let k be n(-2). Let o be y(k). Suppose -i + 5 = -o. What is the units digit of i?
3
Let v be 3/(((-75)/85)/(-5)). Let t = v + 23. What is the units digit of t?
0
Suppose -i + 5 = -0. Suppose -5*j + 10 = -i*d, -2*d + 0*d = j + 10. What is the units digit of d*(0 - 15/6)?
0
Let p(g) = -g**2 + 2 - 4 + 3*g**2 - 9*g - 1. Let w be -1 + (0 - 3 - -11). What is the tens digit of p(w)?
3
What is the tens digit of 104/(((-170)/220)/(-17))?
8
Suppose -357*z = -353*z - 1100. What is the units digit of z?
5
Let l(c) = c**3 + 18*c**2 + 18*c + 25. Let m be l(-17). Let x be (-1)/m - (-34)/16. Suppose 2*y + 69 = x*u - y, 5*y - 160 = -5*u. What is the units digit of u?
3
Let g be ((-8)/16)/(2/24). Let k be ((-164)/g)/((-12)/(-18)). Suppose -5*w - k = -171. What is the units digit of w?
6
Let b be (-4 + 5 - -4)*17. Let g = 389 - b. What is the hundreds digit of g?
3
Let z(f) = -f**3 - 4*f**2 - 3*f - 4. Let m be z(-4). Suppose 3*x - 3 = 2*n, -n = -x + 2*n + m. Let d = x - -6. What is the units digit of d?
5
Let c = 6 + 6. What is the units digit of ((-12)/15)/(c/(-30))?
2
Suppose -74*k = -91*k + 68. Suppose -t - 3*t - 96 = 0. What is the units digit of (-1065)/(-18) + k/t?
9
What is the thousands digit of 29372/20 - 5/((-150)/(-18))?
1
Suppose 5*j + 741 = g, 5*g - 4*j - 5443 = -1801. What is the tens digit of g?
2
Let t = -39 - -38. What is the tens digit of 85 + -6 + (-2)/t?
8
Suppose 0 = -4*q - 2*j + 17426, -q + 1846 = 2*j - 2512. What is the hundreds digit of q?
3
Let u be (9/(-6) + 1)*-2. Let j be -1*u*(-5 + 1). Suppose -58 - 10 = -j*d. What is the tens digit of d?
1
Suppose -3*j + 7 + 8 = 3*o, 2*o + 8 = 0. Let l = -2 - j. Let v = 14 + l. What is the units digit of v?
3
Suppose 11*u = 13*u - 1272. Suppose -4*m + 2*f + u = 0, 522 = 3*m - f + 47. What is the units digit of m?
7
Let h be 1/(3/342 - 0). Suppose h = k + k. Suppose 5*w - k = -4*s, 2*w - s = -5 + 20. What is the units digit of w?
9
Suppose -3*g - 3 = -4*g. Suppose -5*m - 3*y + 20 = 0, 0 = -m - g*y + 18 - 2. Suppose 71 = 5*r + z, -z - m = -2*z. What is the tens digit of r?
1
Suppose -4*v - 555 = -f, 3*v + 3*f + 118 = -287. Suppose 2*y + 2*m + 155 = -11, -2*m + 234 = -3*y. Let s = y - v. What is the tens digit of s?
5
Suppose 2*o = 3*u - 1431, -u + 3*o + 287 + 197 = 0. What is the tens digit of u?
7
Let p be (-1)/1 + 4/4. Suppose -2*b = -p*b - 2. What is the units digit of 3/b + 11 + -12?
2
Let d(c) = -13*c**3 - c + 2. Let i(g) = -6*g**3 - g + 1. Let n(h) = 3*d(h) - 5*i(h). Let w be n(-2). Suppose 4*v = -37 + w. What is the units digit of v?
8
Let u(p) = -12*p + 19. What is the units digit of u(-9)?
7
Let n = 6 - 31. Let j = n + 46. Suppose c - 83 = -j. What is the tens digit of c?
6
Let g(q) = 3*q**2 + 107*q + 21. What is the hundreds digit of g(-42)?
8
Let a(p) = 67*p - 126. What is the tens digit of a(11)?
1
Suppose -w + 2*f + 206 = -f, 456 = 2*w + 5*f. Let p = w + -125. What is the tens digit of p?
9
Let o = 247 - 223. What is the tens digit of o?
2
Suppose b - 3*t + 54 = 5*b, -3*t = -b + 21. Suppose -3*q - 4*h + 6 = 0, 3 = -q + 2*h + 5. What is the tens digit of q + 2/(2/b)?
1
Let q(f) be the first derivative of -3*f**2/2 + 12*f - 13. What is the units digit of q(-13)?
1
Let j(y) = y**3 + y - 11. Let w be j(0). Let u(i) = -i**2 - 13*i + 11. Let x be u(w). Suppose -x = -c - 8. What is the units digit of c?
5
Let w(d) = -d**3 + 6*d**2 - 2*d. Suppose -5*g = 9 + 6. Let z = g - -8. What is the units digit of w(z)?
5
Let n = 64 + -27. Suppose -n + 87 = z. What is the tens digit of z?
5
What is the hundreds digit of (-2030 - 1)*4/(-19 + 7)?
6
Let h(y) be the first derivative of -2*y**2 - 7*y + 1. Let n be h(-3). Suppose 0 = 5*r + n - 140. What is the tens digit of r?
2
Let g(w) be the third derivative of -w**4/6 + 2*w**3 + 3*w**2. Let u be g(6). What is the tens digit of 3 + 120/(u/(-4))?
4
Suppose -7*l + 8 = -6*l. Suppose 97 = -l*t + 825. What is the tens digit of t?
9
Let y(g) = -3*g**3 - 5*g**2 - g - 11. Let d(f) = f**3 - f**2 + 1. Let h(z) = -2*d(z) - y(z). Let c be h(-7). What is the units digit of (c/(-2) + -2)/(-3)?
1
Let h = -9 - -40. Let s = -5 + h. Let z = 47 - s. What is the tens digit of z?
2
Suppose -2*p + 6*p = -44. Let c = 4 + p. Let g(m) = -9*m - 18. What is the units digit of g(c)?
5
Let h(x) = x**3 + 6*x**2 + 4. Let l be h(-6). What is the units digit of (4/(-5))/(l/(-110))?
2
Let f = 207 - 159. What is t